
What is the value of (11 - 8) + (-1 - 1) - 3?
-2
What is the value of 0 + (-7 + 7 - (3 - 0))?
-3
Calculate 5 + -1 + -8 + 0.
-4
Evaluate 5 + 3 + 3 + -13.
-2
Evaluate 3 + -1 + 0 + -2 + 5.
5
What is -6 - -14 - (-2 - -11)?
-1
Calculate 2 + (-5 + 1 - -9) + -3.
4
What is 1 - (-4 + 4) - (0 + -4)?
5
-19 + 19 + 3 + -1 + -1
1
What is the value of (-5 - -11) + 3 - 13?
-4
Evaluate (-6 - 3) + 5 + 5.
1
What is the value of -3 + (0 - (-3 - -1))?
-1
0 + -3 - (-8 + 0 + 12)
-7
Calculate 5 + (4 - (2 - -3 - -3)).
1
-8 + -3 + -6 + 13
-4
Evaluate (-15 - -11) + 2 - (-8 + 0).
6
-13 + 2 + 4 - -5
-2
What is -1 + -7 + 5 - (2 + -2)?
-3
What is the value of 0 - -2 - (0 + 2 - 5)?
5
Calculate (-8 - 1) + -5 + -14 + 24.
-4
-4 + 7 + -6 + 2 + 1
0
Calculate -27 + 27 + -13 + 6.
-7
What is the value of 11 - (10 - (-7 + 9))?
3
Calculate 1 - 1 - (1 + 2 + 1).
-4
-2 + (1 + 2 - 0)
1
Evaluate 12 + 1 + -20 + 9.
2
What is the value of (-13 - -11) + -4 + -4?
-10
(2 - 2) + 9 + -6
3
8 - (2 + -4 + 4)
6
What is the value of -1 + (2 - 7) + (5 - 1)?
-2
What is (-1 - -10 - 1 - 2) + 0?
6
11 + -4 + 6 + -7 + 3
9
Calculate 1 + -7 + 5 + (0 - -3).
2
10 + 8 + -15 + -7
-4
What is -2 + 2 + 1 + 5 + -1?
5
What is the value of 0 + -9 - (-15 - -11)?
-5
Calculate 1 - -12 - (-6 - -13).
6
What is the value of 1 - (5 + 3 + -4 - 4)?
1
-2 + 3 + 2 + 2 + -3
2
What is -5 - (-13 - -3) - (3 + 0)?
2
Calculate 1 - ((6 - 1) + (16 - 21)).
1
What is the value of 13 - 2 - (20 - 5)?
-4
-5 - 0 - (6 - 14) - 1
2
5 + 6 + -3 + -6 + -9
-7
Evaluate 12 + -11 + -19 + 14.
-4
Calculate 1 - 0 - (-29 + 34).
-4
What is 5 - (-6 + (5 - -4))?
2
What is -1 + (2 - 3 - -2 - 1)?
-1
0 + 2 + (6 - (0 - -5))
3
(1 - 3) + -1 - 4
-7
What is 2 + (12 - 6 - 8)?
0
5 - (-6 - -2 - 0 - -3)
6
What is (10 - 6) + -8 + 3?
-1
Evaluate -4 + (2 - (4 + -3 + 1)).
-4
-4 + (-12 - (-6 + -3))
-7
What is the value of -7 + -1 + -4 + 11?
-1
Evaluate -2 - (2 - 4 - -2) - -6.
4
Evaluate 4 + -7 + 4 - (2 + -2).
1
What is the value of 4 + (6 - 0) - 7?
3
Evaluate -2 - (-2 + -6) - 1.
5
Calculate (2 - (-7 - -5)) + -13 + 14.
5
What is the value of 3 + 1 - (1 + (6 - -2))?
-5
3 - (3 + (5 - 4) + 0)
-1
What is 2 + (-4 - -4) - (0 - 0)?
2
What is the value of 3 + -3 + (-1 - -6) + -3?
2
What is the value of -3 + (-17 - -24) + (-3 - 8)?
-7
What is -3 - -8 - (11 + -8)?
2
-6 + (1 + 7 - 2 - 5)
-5
What is the value of -6 + -8 + 7 + 12?
5
21 + -29 + 0 + 9
1
Evaluate -1 - -3 - (-4 + 7).
-1
Calculate (-2 - -2) + (-2 - 2) + 1.
-3
Evaluate 8 + -5 + (-9 - -4).
-2
(-8 - -9) + (-3 - -4)
2
What is the value of 4 + 0 + -4 - -2?
2
What is 6 - (4 + -1 + 8)?
-5
(1 - 1) + 0 + 1
1
Calculate (-6 - (-14 + 6)) + -7.
-5
What is 2 + 7 - 4 - 1?
4
Calculate 2 + 0 + -7 + 7.
2
What is 4 - (-4 - 1 - -7)?
2
(3 - 0) + 1 - (3 + -1)
2
What is 0 + 7 + (22 - 23)?
6
Calculate 5 - ((-2 - 0) + (-8 - -11)).
4
What is 12 - 4 - (3 - -1)?
4
(-5 - -17) + -2 + -6
4
What is (0 - (10 - 5)) + 0 + -2?
-7
Evaluate -7 - (2 + 7 + -5 - 7).
-4
Evaluate 5 + 0 - (14 + (-2 - 12)).
5
Calculate 54 + -49 + (2 - 12) + 2.
-3
Evaluate 1 - (1 + 0 + -4).
4
37 + -28 - (1 + 9)
-1
Evaluate (-12 - -9) + (2 - 2).
-3
Evaluate (1 - (-3 - -2)) + (7 - 10).
-1
What is the value of 14 + 3 + -4 + -8?
5
2 + (6 - (5 + (9 - 6)))
0
Evaluate (3 - 2) + (10 - 12).
-1
What is 3 + 0 + 1 + -8 + 5?
1
What is -1 + (6 - 11) + 9?
3
Calculate (-1 + 3 - (9 - 6)) + 2.
1
What is 3 - (0 + 0 + 0)?
3
-2 + (0 - (-1 + 6))
-7
(1 - 7) + (7 - (-9 - -12))
-2
What is the value of (-2 - (6 + -1)) + -3 + 1?
-9
What is 3 + -8 + 10 + -3?
2
What is the value of 2 - (7 - (-7 + 20) - -4)?
4
What is the value of -2 - 0 - (-3 + 0)?
1
What is 3 - (3 + (3 - -2))?
-5
Calculate -17 + 8 - -9 - -7.
7
Evaluate (29 - 34) + 7 + -2.
0
Calculate 1 + 1 + 0 + -1 + 2.
3
Evaluate -7 + (-3 - 1 - -7).
-4
8 - (-1 + (18 - 4))
-5
2 - (5 + -2 + -6 + 6)
-1
1 - 8 - (-38 - -25)
6
What is -4 - ((4 - 3) + -6)?
1
What is the value of 9 + (-3 - 7) + 3?
2
What is the value of -8 + (-1 - 0) + 25 + -19?
-3
Evaluate (-3 - -5) + -4 - -3 - -1.
2
What is (-5 - -7) + (-5 - 1)?
-4
What is -74 + 67 - (-4 - (-1 + -1))?
-5
Evaluate (-10 - 4) + 20 - 5.
1
0 - (1 + -1 - -3)
-3
What is the value of 135 + -140 + (4 - (-1 + 1))?
-1
10 - (7 + -3 + -1)
7
Calculate -1 + ((2 - 0) + -3 - -1).
-1
0 + 6 - (2 - -5)
-1
Evaluate 3 + 0 + 2 + -2.
3
Calculate (0 - -4) + (0 - 8) + 4.
0
12 + 8 + -8 + 6 + -12
6
What is the value of (-7 - 1) + 0 + 7?
-1
Evaluate 4 - (-5 - 5) - 13.
1
What is -1 + (-10 - -2 - -5)?
-4
What is 35 + -28 - (-1 - -12)?
-4
0 + (-14 - -10 - -9)
5
14 - (5 - 0 - -2)
7
Calculate -1 + 4 + (-13 - -8) + 9.
7
Evaluate 1 - -6 - (9 - 4).
2
Calculate -8 + (4 - (3 - 10)).
3
What is (-1 - -2) + (4 + -1 - 4)?
0
What is (-1 - -1) + (7 - 0) + -2?
5
What is 29 + -47 + (1 - -9)?
-8
Evaluate -2 - 0 - (-8 - -9).
-3
Calculate -8 - -12 - (2 + -4).
6
What is the value of 3 + 3 - 3 - 2?
1
Calculate 2 - (-3 + 0 + (11 - 12)).
6
Calculate (0 - 4) + 76 + -78.
-6
What is the value of 8 + 0 - 4 - (-1 - 0)?
5
Calculate 1 - (-1 + 6 - 4).
0
What is the value of 2 + 6 + -17 - (7 + -10)?
-6
Evaluate 0 - 0 - (2 + -5).
3
What is 1 + 3 - ((3 - 2) + 5)?
-2
Evaluate 5 - (5 + -2 + 1).
1
Evaluate -2 + 3 + 4 - (-1 - -4).
2
(-2 - -1) + 5 + 4
8
What is (1 - 0) + (0 - 1 - -3)?
3
What is (-4 - -5) + -8 + 4?
-3
Evaluate -22 + 13 + (5 - -1).
-3
Calculate 2 + -2 - 6 - -2.
-4
Calculate 2 + -1 - (6 + -7).
2
7 + -9 + 5 - 8
-5
-32 + 22 - (1 - 4)
-7
0 + (4 + 0 - -2) + -2
4
Calculate 35 - 33 - (-10 - (3 + -6)).
9
What is the value of 2 + 6 + -2 + -2 + 1?
5
Calculate -4 - (9 - 6 - 6).
-1
What is 3 + (9 - 0) + -9?
3
What is the value of -4 + (-1 - 2 - -5) - -3?
1
What is -2 + (-19 - (14 + -25))?
-10
What is -1 - -7 - ((0 - 3) + 6)?
3
-8 + 7 + -7 + 12 + -3
1
Calculate -2 + 0 - -3 - (11 + -15).
5
Evaluate (10 - 5 - -2) + -9.
-2
What is (1 - -4) + -3 - (0 - -9)?
-7
Evaluate -4 + 7 + -4 + 1 + -5.
-5
Calculate -1 - (11 + -10) - -10.
8
What is -6 + (-4 - (-3 + -9))?
2
What is 3 + (6 - (13 - 2))?
-2
Calculate (-2 - -6) + -12 - -4.
-4
Evaluate (13 - 1 - 3) + -4.
5
What is -6 + 13 + (-1 + 0 - 1)?
5
What is (-2 - 3 - -2) + -2 + 9?
4
What is the value of -3 + (-7 - 0) - (3 + -7)?
-6
-5 - (-2 - 0) - (-4 - -1)
0
What is -7 + (-2 - (-2 + -4))?
-3
Calculate (-3 - (-2 - (5 + -5))) + 5.
4
Evaluate -6 + -3 + 1 + 3.
-5
What is -2 + (-4 - ((9 - 6) + -13))?
4
What is -4 + 5 + 2 - 2?
1
Calculate -1 + 8 + 23 + -26.
4
What is the value of (13 - 10) + (0 - -1)?
4
What is (-2 - 0) + 1 + -1 - 3?
-5
Evaluate -3 + 2 - (-1 + -2).
2
What is the value of (22 - 25) + (3 - -1)?
1
Evaluate (-2 - 0 - (-2 + 0)) + 2.
2
(1 - 0) + -7 + 11 - 9
-4
0 - (-6 + (-6 - -2 - -6))
4
Calculate (0 - 4 - -6) + -7.
-5
0 + 4 + -1 - 5 - -1
-1
-14 + -3 + 10 + 14 + -13
-6
Evaluate 3 + -10 - (-7 - -2).
-2
What is -2 - ((6 - 3) + 0)?
-5
What is 2 + (-17 - -11) + -3 + 3?
-4
What is the value of 5 + (-16 + 5 - -1)?
-5
Evaluate 4 - (-2 - -7 - 7).
6
What is the value of 2 + 3 + -2 - 8?
-5
What is (5 - 4) + 1 - 2?
0
What is the value of (1 + 1 - 1) + 2 + 1?
4
What is 1 - ((2 - (-2 - 2)) + -3)?
-2
Calculate -7 + 2 - (-40 + 30).
5
10 - 3 - -2 - 5
4
What is the value of 0 - -10 - (-96 - -112)?
-6
What is (7 - 1) + (14 - 24)?
-4
What is the value of 24 - 29 - (0 + 2 + -1)?
-6
Evaluate (0 - (0 - -5)) + 0 + 7.
2
What is the value of 0 + (0 - 0) + -3 - -8?
5
What is the value of 5 + 4 + (4 + -2 - 8)?
3
What is the value of (-9 - (-9 + 5)) + 6?
1
Evaluate -1 - (4 + -1) - 4.
-8
What is the value of 13 + -7 - (8 - 1)?
-1
What is the value of -4 - (-8 + -5 - -4 - -4)?
1
6 + (3 + -4 - 3) - -2
4
6 - 0 - (0 - 3 - -2)
7
-5 + (-3 - (-6 + 8) - -3)
-7
What is -4 + (6 + -6 + -4 - -10)?
2
9 - (11 + 6) - -4
-4
Evaluate (3 - 0) + 81 + -81.
3
What is the value of 4 - (3 - (4 + -1))?
4
What is the value of -9 + 8 + 0 + 0 + -3?
-4
What is 91 + -98 + (3 - -1)?
-3
Calculate -5 - (1 + 4 - -3 - 2).
-11
What is the value of (8 - (0 + 3)) + 0 - 1?
4
(-11 - -7 - 0) + (7 - -1)
4
What is -8 - (3 + 5 - 9)?
-7
(-5 - -5) + -5 + 9 - 2
2
3 - (-4 + (-3 - (-20 - -9)))
-1
What is (35 - 31) + (0 - 0 - -1)?
5
What is the value of 7 - (35 + -13) - -11?
-4
What is (-4 - (4 + -3)) + 7?
2
-7 + 2 + -8 + 19
6
Calculate -3 + 1 + 3 + -1.
0
Calculate 2 + -3 + -2 - 0.
-3
What is the value of 0 - ((-3 - -8) + 3 + -5)?
-3
What is (-1 - 6 - (22 + -12)) + 8?
-9
What is 0 + 1 + (-2 - (3 + -4))?
0
What is the value